base 2?
100111110111
Convert -2100002 (base 3) to base 10.
-1703
Convert 2428 (base 9) to base 15.
808
-104333 (base 5) to base 11
-2880
11035 (base 6) to base 13
911
12003223 (base 4) to base 16
60eb
Convert 5b44 (base 13) to base 3.
122200210
-1140 (base 10) to base 5
-14030
Convert 1212012 (base 3) to base 14.
6cb
Convert -35442 (base 10) to base 14.
-ccb8
-1b75 (base 12) to base 16
-d49
-122032 (base 4) to base 2
-11010001110
What is -2663 (base 11) in base 6?
-24001
Convert -11252 (base 9) to base 14.
-2a39
What is 2221102 (base 3) in base 9?
2842
-210123 (base 4) to base 14
-bc7
What is bb86 (base 14) in base 3?
1122112011
What is -1310 (base 16) in base 5?
-124010
What is -45a5 (base 12) in base 6?
-55525
Convert 614 (base 7) to base 13.
1a6
-20011 (base 4) to base 6
-2221
Convert -24a5 (base 12) to base 14.
-172d
What is 20221 (base 3) in base 16?
bb
12732 (base 9) to base 3
102211002
-66445 (base 8) to base 14
-a27b
What is 2565 (base 11) in base 2?
110100001010
What is -24 (base 13) in base 16?
-1e
-1111250 (base 6) to base 14
-165d4
525231 (base 6) to base 2
1010011010010011
What is -352 (base 15) in base 13?
-45b
What is 241 (base 8) in base 3?
12222
11010000 (base 2) to base 15
dd
3147 (base 10) to base 15
dec
What is 27147 (base 9) in base 7?
104332
What is 104b (base 12) in base 2?
11011111011
Convert -1100101100000 (base 2) to base 9.
-8817
Convert -2300 (base 7) to base 14.
-437
Convert 204b (base 12) to base 6.
24135
-20220220 (base 3) to base 2
-1001110110110
122120 (base 4) to base 8
3230
What is -172 (base 11) in base 2?
-11001000
Convert -7623 (base 9) to base 6.
-41550
What is -1335 (base 6) in base 2?
-101011011
Convert 641 (base 12) to base 2.
1110010001
Convert -3212 (base 4) to base 3.
-22112
-1100220 (base 3) to base 7
-2622
What is -7522 (base 15) in base 10?
-24782
What is -1100012 (base 4) in base 12?
-2b72
Convert 1436 (base 10) to base 13.
866
What is 2ec3 (base 15) in base 16?
2763
What is 5579 (base 12) in base 6?
111433
Convert -322122 (base 5) to base 10.
-10912
Convert -10111000 (base 2) to base 3.
-20211
What is -56165 (base 8) in base 10?
-23669
Convert 10101 (base 6) to base 14.
6b3
Convert 11402 (base 5) to base 9.
1146
-666 (base 12) to base 10
-942
What is 16202 (base 8) in base 12?
4282
What is 596 (base 13) in base 3?
1022212
20022211 (base 3) to base 11
3513
Convert 100110110010001 (base 2) to base 13.
9066
What is 10077 (base 10) in base 4?
2131131
What is 257 (base 15) in base 8?
1024
3451 (base 12) to base 9
7877
Convert -4f8 (base 16) to base 9.
-1663
-454e (base 16) to base 7
-102504
Convert -22132 (base 4) to base 16.
-29e
367 (base 9) to base 7
613
-3551 (base 7) to base 15
-5c5
What is 2001111212 (base 3) in base 13?
15560
-1bc6 (base 14) to base 13
-2404
Convert 4b12 (base 14) to base 12.
7738
What is 2666 (base 8) in base 10?
1462
What is 2301 (base 7) in base 10?
834
What is -5c (base 13) in base 4?
-1031
465 (base 13) to base 2
1011110111
-555 (base 7) to base 2
-100011101
What is 1631 (base 12) in base 6?
20101
Convert -1102211 (base 3) to base 5.
-13143
What is 1178 (base 9) in base 16?
371
What is 1884 (base 12) in base 14?
112c
What is 122103 (base 4) in base 7?
4623
Convert 441 (base 15) to base 14.
4c9
Convert 16054 (base 8) to base 15.
220c
6231 (base 13) to base 5
413220
-16 (base 12) to base 10
-18
22021222 (base 3) to base 11
45a8
What is 1532 (base 15) in base 2?
1000111000011
-212022 (base 3) to base 4
-21311
What is 32213230 (base 4) in base 13?
21346
Convert -1011121011 (base 3) to base 2.
-101100111111011
-110011111110101 (base 2) to base 3
-1100111200
What is 27964 (base 10) in base 8?
66474
What is 1002021 (base 3) in base 15?
37a
-723 (base 9) to base 11
-495
What is -100110111100101 (base 2) in base 4?
-10313211
1016 (base 8) to base 12
37a
What is -4166 (base 7) in base 16?
-5bd
-2b2d (base 14) to base 13
-3662
What is 5d11 (base 14) in base 12?
950b
Convert 1210012201 (base 3) to base 10.
35146
Convert 390 (base 10) to base 13.
240
16102 (base 7) to base 12
273a
What is -136a (base 15) in base 4?
-1000312
What is 2202132 (base 4) in base 6?
120050
Convert -1688 (base 12) to base 3.
-10200212
Convert 226 (base 16) to base 15.
26a
2713 (base 9) to base 7
5640
de (base 15) to base 8
321
1596 (base 15) to base 16
1221
What is 11441 (base 7) in base 13?
1475
Convert -4300 (base 5) to base 16.
-23f
What is -20 (base 5) in base 11?
-a
155325 (base 6) to base 4
3301211
-8b7 (base 12) to base 6
-5551
Convert 2765 (base 10) to base 3.
10210102
-208 (base 11) to base 7
-505
What is -15270 (base 10) in base 13?
-6c48
What is 88a (base 14) in base 12?
b8a
1310220 (base 4) to base 16
1d28
What is 171b (base 14) in base 15?
1361
What is -102010 (base 3) in base 9?
-363
What is 219 (base 11) in base 2?
100000110
Convert -2053 (base 7) to base 9.
-884
-6146 (base 9) to base 15
-14ec
Convert 4314421 (base 5) to base 15.
169e1
What is -425511 (base 7) in base 14?
-1cd78
Convert -13a47 (base 12) to base 10.
-27415
-164 (base 11) to base 9
-232
-13593 (base 11) to base 15
-5ae6
What is -10101011101 (base 2) in base 12?
-965
Convert -2787 (base 15) to base 8.
-20404
-1111001011110 (base 2) to base 3
-101122221
844 (base 9) to base 16
2b0
1255 (base 6) to base 12
22b
What is -b15a (base 14) in base 9?
-45704
What is -1100110110110 (base 2) in base 3?
-100000210
-12a (base 12) to base 3
-20121
-3321223 (base 4) to base 3
-210220211
Convert 111011010010 (base 2) to base 6.
25322
1441 (base 15) to base 2
1000011110000
What is 355 (base 8) in base 12?
179
Convert -10212122112 (base 3) to base 11.
-52354
Convert -4011 (base 8) to base 7.
-5666
Convert 18c4 (base 16) to base 10.
6340
1012010010 (base 3) to base 12
11670
Convert 5d (base 14) to base 9.
102
Convert 2b2a6 (base 12) to base 10.
60894
437 (base 12) to base 3
211221
1293a (base 11) to base 9
27253
-34b4 (base 16) to base 3
-200111201
627 (base 11) to base 15
355
What is -168 (base 11) in base 9?
-236
What is -425 (base 12) in base 16?
-25d
What is -3314012 (base 5) in base 16?
-e026
What is 123046 (base 7) in base 3?
1011002201
What is -244100 (base 5) in base 13?
-42b6
What is -1a55 (base 12) in base 9?
-4382
What is -3003 (base 5) in base 11?
-314
Convert 111101101 (base 2) to base 9.
607
What is 575a (base 12) in base 10?
9718
What is 3323 (base 5) in base 10?
463
6 (base 14) to base 10
6
Convert 10110111 (base 2) to base 14.
d1
Convert -cf3c (base 16) to base 14.
-15496
Convert -1285c (base 14) to base 2.
-1011000111110010
-2194 (base 11) to base 9
-3856
7c23 (base 13) to base 5
1024221
What is 8a5 (base 11) in base 7?
3105
47b8 (base 12) to base 16
1f7c
Convert 8210 (base 11) to base 15.
336b
What is 75 (base 8) in base 14?
45
1a9 (base 11) to base 14
132
Convert -2533 (base 9) to base 4.
-131211
Convert 16917 (base 12) to base 6.
410031
Convert 420 (base 12) to base 11.
4a6
What is 122233 (base 4) in base 12?
ba7
Convert 3320 (base 4) to base 3.
100012
Convert -381 (base 16) to base 8.
-1601
What is 242 (base 7) in base 10?
128
Convert -410b (base 15) to base 3.
-200211202
What is -11102032 (base 4) in base 14?
-7c62
-15771 (base 13) to base 8
-117565
Convert 322111 (base 4) to base 11.
2894
-15 (base 11) to base 8
-20
11 (base 15) to base 14
12
Convert -1010111 (base 2) to base 9.
-106
Convert -1722 (base 11) to base 4.
-202122
What is 4841 (base 15) in base 5?
442421
41534 (base 6) to base 16
15e2
-385 (base 9) to base 4
-11000
Convert -202111 (base 3) to base 5.
-4203
29490 (base 11) to base 6
521420
What is 2b1 (base 14) in base 3?
202021
-231600 (base 8) to base 2
-10011001110000000
Convert 2113a (base 13) to base 12.
2a555
-100066 (base 7) to base 6
-210011
Convert 16301 (base 7) to base 3.
20022122
122022 (base 3) to base 10
467
Convert -157 (base 13) to base 15.
-111
Convert -20212 (base 4) to base 6.
-2314
Convert b65 (base 16) to base 15.
ce7
-1332324 (base 5) to base 9
-41287
-10110111110 (base 2) to base 10
-1470
Convert 1202201221 (base 3) to base 15.
a4a1
What is -bbb (base 12) in base 8?
-3277
What is -906 (base 13) in base 3?
-2002120
-742 (base 8) to base 14
-266
What is 1043 (base 7) in base 9?
455
What is -6b7 (base 14) in base 5?
-20322
Convert 2210122 (base 3) to base 14.
a5c
111101000111 (base 2) to 